. Calculate the highest common factor of 1377 and x.
51
Suppose 211*q - 36687 = 23595 - 2257. Let v(i) = 25*i. Let h be v(1). What is the highest common factor of h and q?
25
Let k(n) = n**2 - 31*n + 223. Let t be k(11). Suppose l - 77 = 4*v, -11*l - t*v = -7*l - 232. Calculate the greatest common factor of 1220 and l.
61
Suppose -5*k + 873*l - 878*l + 55 = 0, -3*k - 4*l = -36. Let x be ((-6 - -105) + 1)*(-2)/(-5). What is the highest common factor of x and k?
8
Let b = -750 - -1133. Let y = b + -259. Suppose -v = 4*k - y, 5*k = -0*v + v - 169. Calculate the highest common divisor of v and 16.
16
Let q = 96 + -86. Let r be (-60)/9*(-72)/q. What is the greatest common divisor of r and 72?
24
Suppose -287 = -88*q + 19*q + 127. What is the highest common factor of q and 7158?
6
Suppose -38*h + 664 + 1436 = 22*h. Suppose -2*o + 0*o = n - 1396, -4*n - 16 = 0. What is the highest common factor of o and h?
35
Suppose 9*w - 2092 = 572. Let q(i) = i**3 + 290*i - w*i - 2 + 9*i**2 - 4*i**2. Let l be q(-5). Calculate the greatest common divisor of l and 7.
7
Let p(w) = -5*w**3 - 37*w**2 - 63*w - 4. Let a be p(-16). Calculate the highest common factor of a and 231.
231
Suppose 5 = -d, 664 = 4*p - 5*d - 3945. Calculate the greatest common divisor of 66 and p.
6
Suppose -3*l = -l + 36. Suppose -34*s = -2077 - 2275. Let f = l + s. What is the greatest common factor of f and 44?
22
Let v be (-3)/(-1) + (69 - 0) + -8. Suppose 3*c - 40 = 14*d - 19*d, -d = -3*c + v. What is the highest common factor of c and 540?
20
Let z(d) = -79*d - 677. Let b be z(-9). Calculate the highest common divisor of 1258 and b.
34
Let o(c) = -492*c - 6392. Let p be o(-13). Suppose -3*f - f - 8 = 0, 5*v + f = 378. Calculate the highest common factor of p and v.
4
Suppose 0 = 26*q - 29*q + 1107. Let r = q + -129. Calculate the greatest common factor of 30 and r.
30
Let f(j) = 34*j**2 - 5*j - 2. Let c be f(4). Suppose -82*t + 219*t - 2466 = 0. Calculate the highest common divisor of t and c.
18
Let s = 0 - 1. Let r(p) = 5*p - 3*p - p + 126463 + 11*p**2 - 126463. Let m be r(s). Calculate the highest common divisor of m and 30.
10
Suppose -i = -5*n - 15, 4*i - 2*n - 26 = n. Suppose -2*o + 220 = -5*d, -4*o + 4*d = i*d - 396. Calculate the highest common factor of 25 and o.
25
Let y be (80/32)/(4/8). Suppose n = 4*r - 0*n - 19, -y*r = n - 26. Calculate the highest common divisor of r and 2.
1
Let h = 4080 + -4059. Calculate the greatest common divisor of 219 and h.
3
Suppose 4*s - 272 + 80 = 0. Let z(a) = 6*a - a**2 + 7*a**2 - a**3 + 4*a**2 + 2*a + 39. Let b be z(11). Calculate the highest common factor of s and b.
6
Let i(f) = 730*f + 25. Let u be i(2). Let g be (-5)/(-2)*27/(u/154). Calculate the highest common factor of g and 5.
1
Suppose 4*r + 5*z + 34 = 0, -24 = -r + 4*r + 3*z. Let u be (2 + 3)*r/(-5). Let o be 4 + 310/12 - (-1)/u. Calculate the highest common divisor of o and 270.
30
Let p(v) = -512*v + 1. Let z be p(-1). Let u(i) = 10809*i + 75682. Let n be u(-7). Calculate the highest common factor of z and n.
19
Suppose 10*k = 111 + 59. Let b be 103/2 - 5/10. Calculate the highest common divisor of b and k.
17
Suppose 89768 = 39*n + 13471 - 62894. Calculate the greatest common factor of 83 and n.
83
Let l = -87 + 125. Suppose 3*w - l = 250. Suppose -d + 5*x = -4*d + w, 3*d + 4*x - 96 = 0. What is the greatest common divisor of d and 16?
16
Let b = -98 + 111. Suppose 18*m - b - 1373 = 0. Calculate the highest common divisor of 11 and m.
11
Suppose -q - 536 = -4*c - 39, c = -2*q + 113. Let z = c - -276. Calculate the highest common factor of z and 21.
21
Let n be 36/156 - (-3072)/208. What is the greatest common divisor of n and 250?
5
Let i be -2 - 261/(2 + -5). Suppose i - 17 = 4*t. Let f be ((-44)/66)/(1*-2)*(55 - 4). What is the greatest common factor of f and t?
17
Suppose 3*i + f = -127 + 6680, -2*f = 2*i - 4358. Calculate the highest common factor of 81 and i.
81
Suppose -2*l + 202 = 4*o, 0 = -10*o + 5*o + 3*l + 247. What is the greatest common factor of 6925 and o?
25
Let p = 405 - 236. Let i = 14907 - 14894. Calculate the greatest common factor of p and i.
13
Let z be 0 + 23 - ((-23)/690 - (-427)/210). Suppose -5*d - w + 510 = 3*w, -w = 3*d - 299. What is the highest common divisor of d and z?
7
Let p be 4666 + -2 + (-59 - -53). Calculate the greatest common factor of 17 and p.
17
Let g = 14478 - 14421. Calculate the greatest common factor of 3344 and g.
19
Let v be 150/(-40)*(-1)/3*16. Suppose -c - 2 + 10 = h, -2*h = 3*c - v. What is the greatest common divisor of h and 44?
4
Let h = 20195 + -702. Calculate the highest common factor of 101 and h.
101
Suppose 2*w - w - 21 = 0. Let m be (-3 - (-93)/w)/((-8)/(-56)). Calculate the greatest common factor of 30 and m.
10
Let m = 216 - 87. Suppose 4*a + 560 = -2*u, -5*a - 2*u - 693 = -3*u. Let x = a - -225. Calculate the greatest common divisor of x and m.
43
Let m be (-8)/36 + 220/18. Let l be (3 - 1)/((-225)/(-33) + -7). Let g(w) = 2*w**2 + 24*w + 40. Let a be g(l). What is the greatest common factor of a and m?
6
Let r = -279 - -709. Suppose 3*o - r = -136. Suppose u - o = -38. What is the greatest common factor of 6 and u?
6
Let m = -1782 - -1788. What is the highest common factor of m and 417?
3
Suppose -4*l + 5*l - 8 = 0. Suppose 10*p - l*p = 4. Let z = p - -12. What is the highest common divisor of z and 98?
14
Let n be ((-144)/(-5))/(3/(15/2)). Let f be -1 - -8 - 1*-2. What is the greatest common factor of f and n?
9
Suppose 0 = -70*r + 9*r + 366. Suppose 0 = -2*n - 1 + 43. Calculate the greatest common divisor of n and r.
3
Suppose -975 = -4*h + 3*z - 8*z, 2*h + 4*z - 492 = 0. What is the greatest common factor of 1392 and h?
48
Let m = -6125 + 6525. Calculate the highest common factor of 1100 and m.
100
Suppose -1818 + 498 = -11*k. Let f(t) = -19*t - 66. Let b be f(-6). What is the highest common divisor of k and b?
24
Let p be 87 + (-5 - -1) + 1. Suppose 2*w = -w + p. Calculate the highest common divisor of 84 and w.
28
Suppose -2*s = 2*p - 1770, 0 = -44*s + 45*s + 4*p - 867. Calculate the highest common divisor of 264 and s.
33
Let v = 31 + -3. Let g(u) = u**3 - 17*u**2 - 117*u - 35. Let k be g(23). Calculate the greatest common divisor of k and v.
28
Let c be (-2)/6 + 192/9. Suppose 7*w - 363 - 22 = 0. Suppose -w*m - 42 = -56*m. What is the greatest common factor of c and m?
21
Suppose -176*p + 160*p = -224. Let v = 7 + -4. Let u(b) = 23*b + 1. Let w be u(v). What is the greatest common divisor of w and p?
14
Let z = -479 + 494. Suppose z*s - 4*d + 53 = 20*s, -3*d - 30 = -4*s. Calculate the greatest common factor of s and 2.
1
Let z = -13 - -21. Suppose -4*i + 4 + z = 0. Calculate the greatest common factor of 1 and i.
1
Suppose 4*p - 81 = -5*m, 0 = 5*m - 3*p + 5*p - 83. Let z be m/1 - 0 - -1. Let g = -28 + 52. Calculate the highest common divisor of g and z.
6
Suppose -44*h = 14*h - 7424. What is the greatest common factor of 400 and h?
16
Suppose -60 = -t - 2*t. Let v be 375/t*(-16)/(-6). Let w = 175 + -155. Calculate the greatest common divisor of v and w.
10
Let x = 4892 - 4524. Calculate the highest common divisor of 32 and x.
16
Let a(w) = -5*w + 2*w + 8*w - 8*w + w**2 - 76 + 0*w**2. Let v be a(-13). Calculate the highest common factor of 66 and v.
66
Suppose 118*m = -259*m + 1021670. What is the highest common divisor of m and 10?
10
Suppose 53*o - 4 = 102. What is the highest common factor of o and 118?
2
Suppose -1079 + 8 = -28*n - 35. Calculate the greatest common factor of n and 3293.
37
Let u(w) = -7*w + 584. Let v be u(-40). What is the greatest common divisor of v and 8?
8
Let l = -273 - -674. Suppose -26*x + l = -93. Calculate the highest common factor of x and 171.
19
Let n(k) = 359*k**2 - 50*k + 18. Let y be n(-2). What is the greatest common divisor of 210 and y?
42
Suppose -4*l = 3 - 7. Suppose -4*r = -5*f - 999, 2*f - 6*f = -4*r + 800. Let y = 202 + f. Calculate the highest common divisor of y and l.
1
Let q = 3672 + -3632. Calculate the highest common divisor of q and 450.
10
Suppose 4*r + 5*q + 5 = -r, -5*q = -2*r + 12. Suppose -5*c + 4 = -r. Let j be ((-2)/9*-3)/(c/12). What is the highest common divisor of 72 and j?
8
Let a(z) = -4*z + 11*z + 8*z + 9*z + 3. Let r be a(4). Let p(o) = o**3 + 